(h) be the third derivative of y(h). Calculate n(3).
3
Let c(t) be the second derivative of -t**5/20 - 5*t**4/12 + 4*t**3/3 + 15*t**2/2 - 57*t. Determine c(-6).
3
Let z(h) be the first derivative of h**5/30 + h**4/4 - 7*h**3/6 + 41*h**2/2 - 37. Let i(g) be the second derivative of z(g). Let a = 6 + -11. Calculate i(a).
13
Suppose -5*x = 10*x + 45. Let l(v) = v**2 + 2*v - 2. Calculate l(x).
1
Suppose 16*w - 43*w + 80 = 26. Let t(p) = 1 - p - 4 + 1. Determine t(w).
-4
Let j = 15 - 14. Let q(u) = -5*u + 4*u - 2 + 3 + u**2. Determine q(j).
1
Let v(y) = y - 2. Suppose 8*f - 4*f - 16 = 0. Suppose b + 2*b - 19 = -5*s, -4*s + f = b. Let k = 12 - b. Calculate v(k).
2
Let z(p) be the third derivative of -p**6/120 - p**5/12 + 7*p**4/24 - 2*p**3/3 - 81*p**2. Calculate z(-6).
-10
Suppose 6*b - 134 = 46. Suppose 5*k + 60 = b. Let w(g) = -4*g**2 - 8*g - 1. Let n(h) = 11*h**2 + 23*h + 4. Let d(p) = -3*n(p) - 8*w(p). What is d(k)?
-10
Let m(f) = -1 + 3*f - 4*f - 4. Let o be ((-4)/14)/((-431)/(-5172)*(-6)/(-7)). Calculate m(o).
-1
Let q(g) = -8*g**3 - 4*g**2 + g - 2. Let s(u) = -5*u**3 - u**2 - 1. Let b(y) = -q(y) + 3*s(y). What is b(-1)?
8
Let m = -5 + 7. Let z be m/6 + 10/(-3). Let o(c) = c**2 - 2. Let b(d) = 3*d**2 + 7*d - 4. Let x(q) = -b(q) + 2*o(q). What is x(z)?
12
Let x(i) = -i**3 - 7*i**2 + 8*i - 8. Suppose 0 = -4*t - 3*q - 32, -4*t - 5*q = -6*q + 32. What is x(t)?
-8
Let w(i) = i**2 - 8*i + 4. Let c = -37 + 47. Suppose -14*m = -16*m + c. Give w(m).
-11
Let g(d) = 2*d**3 + d**2 + d - 7. Let c(b) = -b**3 - b**2 + 5. Let n(x) = 3*c(x) + 2*g(x). Let l be (1/2)/(2/(-8)). What is n(l)?
-15
Suppose 3*r + f + 14 = 0, -r - f = -0*f + 6. Let l(x) = -x**3 - 4*x**2 - 2*x - 7. What is l(r)?
1
Let y(l) be the third derivative of -l**5/60 + l**4/3 + l**3/2 - 14*l**2 + 3. What is y(9)?
-6
Let l = -1 - -5. Let t(j) = -3*j - 1. Let x(z) = -2*z - 1. Let u(a) = -4*t(a) + 5*x(a). Calculate u(l).
7
Let u = -2 - 4. Let a(o) be the third derivative of -o**5/60 - o**4/6 + 7*o**3/6 - 11*o**2 - 4*o. Calculate a(u).
-5
Suppose 3*d + 4*p = -18, -3*d - 18 = 3*p - 4*p. Let y(a) = -3*a + 3. Give y(d).
21
Let a(c) = -c**2 - 1. Let h(g) = g + 6. Let f(u) = -9*u - 77. Let q be f(-9). Let w(z) = q*a(z) + h(z). Give w(-2).
-16
Let j(i) be the first derivative of -i**7/840 + i**6/72 - i**5/40 - i**4/24 + 19*i**3/3 - 3. Let h(n) be the third derivative of j(n). What is h(4)?
3
Let n(f) = 5*f - 65 - 68 - 65 + 199. Give n(-4).
-19
Suppose 59*k - 44*k = -30. Let b(h) = 2 - h**2 + h + 3*h**2 - h**2 - 4. Give b(k).
0
Let n(p) be the second derivative of -p**2 + 0 - 4*p - 5/6*p**3. Give n(-3).
13
Let w(z) = z**3 - 9*z**2 + 14*z + 14. Let l = -304 + 311. What is w(l)?
14
Let p(d) = -49*d - 9. Let f be p(0). Let i(s) = -s**2 - 11*s - 16. What is i(f)?
2
Suppose -281 + 111 = -17*s. Let g(b) = 11*b**2 - b**3 - 2*b - 8*b + 0*b**3. What is g(s)?
0
Let p be 4/(-12) + 19/3. Let l(g) be the first derivative of g**4/12 - 2*g**3/3 - 3*g**2 + 4*g + 2. Let j(s) be the first derivative of l(s). Calculate j(p).
6
Let s = 6 + 0. Let y(p) = p**3 - 3*p + 1. Let c(f) = -3*f**3 + 7*f**2 + f - 8. Let j(q) = c(q) + 2*y(q). Calculate j(s).
0
Let c(z) = -z - 8. Suppose 3*k + 280*g + 55 = 282*g, 2*g = 10. Determine c(k).
7
Let k(y) = y**3 - 8*y**2 - 7*y - 2. Let v(m) = m**2 - 2*m - 519. Let i be v(24). Give k(i).
16
Let c(q) = 87*q - 610. Let f be c(7). Let g(i) = -6*i**2 + 5*i + 5. What is g(f)?
-6
Let t(y) = -2*y - 1. Suppose 4*w - 5 + 13 = 2*n, -8 = -5*n - 2*w. Suppose -4*c - n*f = f - 11, 0 = -4*c + 3*f + 5. What is t(c)?
-5
Let w(s) = 2 - 2*s - 4*s + 2*s + 2. Calculate w(-9).
40
Let z be 28 + -27 + 4*1/2. Let t(i) be the second derivative of i**4/12 - 5*i**3/6 - 2*i**2 + i. Give t(z).
-10
Let b(r) = -5*r + 4*r - 134 + 134. Suppose -4 = -4*j + 4. Suppose 3*v - 2*s + j = 2*s, -s - 28 = 4*v. Give b(v).
6
Let r(t) be the second derivative of -2/3*t**3 + 1/2*t**2 + 0 - 4*t - 1/6*t**4. Determine r(-3).
-5
Let f = 74 + -64. Let a = 3 - f. Let d(l) = l**3 + 7*l**2 + 2. What is d(a)?
2
Let c(j) = -j**2 - 1 + 0*j**2 - 7*j - 5. Let q(d) = -5*d**2 - 1. Let i = 72 + -73. Let w be q(i). Determine c(w).
0
Let d(b) = 4 + 4 - 5 - 2 + 13*b + b. Let i be 10/(-6) + (-2)/(-3). Determine d(i).
-13
Let z(a) = -a**2 + 4*a + 83. Let h be z(11). Let g(s) = -s**2 + 8*s - 5. Calculate g(h).
7
Let p(v) = 1 + 18*v**2 + v**3 - 30*v**2 + 2*v + 1 + 14*v**2. Determine p(-2).
-2
Suppose -2*p - 4 = 0, 4*p + 32 = -4*z - 0*z. Let u(s) = -2*s - 7. Determine u(z).
5
Let x(q) = q**3 + q**2 - 2*q + 5. Suppose -5*p + 0*p - 2 = v, 3*v + 6 = 0. Give x(p).
5
Let j(a) = 14*a + 4. Let w(c) = 2*c + 82. Let l be w(-40). Determine j(l).
32
Let w(l) be the third derivative of -l**5/30 + 3*l**4/2 + 23*l**3/3 - 23*l**2. Calculate w(19).
8
Let l(m) = -14*m + 1. Let b be ((-2)/3)/((-25)/15 - -1). Give l(b).
-13
Let h(n) = n**3 - 7*n**2 + 7*n - 5. Let m be h(6). Let t(o) be the first derivative of o**4/4 - o**2 + o - 19. Determine t(m).
0
Let d(k) = -k**3 - 40*k**2 + 5*k + 205. Let f be d(-40). Let s(z) = -8*z + 31. Determine s(f).
-9
Let c(m) = -4*m**2 + 7*m - 1. Let w(f) = 11*f**2 - 20*f + 4. Let h(k) = -8*c(k) - 3*w(k). Calculate h(5).
-9
Suppose 179 = 4*n + 59. Suppose -5*r = -0*r - n. Let d(y) = -6*y**2 + 2 + 4*y**3 - 2*y**3 - y**3. Determine d(r).
2
Let p = -39 - -33. Let j(g) = 6*g**2 + 11*g + 7. Let h(i) = i**2 + i + 1. Let u(t) = 5*h(t) - j(t). Determine u(p).
-2
Let k(t) = 2*t**2 - 2*t - 2. Suppose q + 280 = -3*q. Let b = -72 - q. Give k(b).
10
Suppose -4*l + v - 16 = -0*v, -3*l - 35 = 5*v. Let n(p) = p**3 + 5*p**2 - 3*p - 8. What is n(l)?
7
Suppose -11*z = 51 - 183. Let m(f) = -3 - z + f + 11 + 13. Calculate m(-7).
2
Let n(d) = -11*d**3 - 13*d**2 - 22*d + 9. Let r(b) = 24*b**3 + 27*b**2 + 46*b - 19. Let l(c) = -13*n(c) - 6*r(c). Determine l(8).
13
Suppose -21*l + 22*l - 9 = 0. Suppose -l*j = -4*j. Let u(x) = -x**3 - 8. What is u(j)?
-8
Let v(f) = -f + 3. Let w(d) = -2*d**2 + 25*d + 81. Let i be w(15). What is v(i)?
-3
Let n(f) = -f**3 + 4*f**2 - 4*f + 2. Let m be 2 + 0 + 2 + -21. Let h = 8 + m. Let g be ((-18)/8)/(h/12). Give n(g).
-1
Let g(j) = j - 4. Suppose 0 = -6*c + c + 15. Suppose -18 + c = -v. Let z = -15 + v. Determine g(z).
-4
Let q be (2 + 3)*(-12)/10. Let c(i) = 3252*i**2 - 7 - 1624*i**2 - 14*i - 2 + 5*i - 1629*i**2. Determine c(q).
9
Let s(h) = -h**3 + h**2 - h - 6. Suppose 0 = -12*t + 8*t. Determine s(t).
-6
Let k(s) = -s**2 - 8*s + 13. Let w be k(-9). Let i(l) = -12 + 6 + 7 + l**2 - 6*l. Determine i(w).
-7
Let o(g) = -g**2 - g - 1. Let y = 88 - 53. Let p = y - 35. Determine o(p).
-1
Let k = -912 - -908. Let j(u) = -3*u. Give j(k).
12
Let a be (-11 - -13)*10/(-8)*20. Let m = -50 - a. Let i(y) = y**3. Let o(v) = -4*v**3 - v**2 + 5. Let x(b) = 3*i(b) + o(b). Determine x(m).
5
Let o(n) be the second derivative of -n**5/20 - n**4 + n**3/3 + 17*n**2/2 + 11*n - 6. What is o(-12)?
-7
Let c be 60/70*-7 - -6. Let l(p) be the second derivative of -p**3 - 12*p + c + 1/2*p**2. Calculate l(-2).
13
Let m(l) be the third derivative of l**9/30240 - l**8/10080 - l**6/720 - l**5/30 - 8*l**2. Let c(f) be the third derivative of m(f). What is c(2)?
7
Suppose -5*d - 20 = r, -13*d + 8 = -15*d + 4*r. Let q(o) = -o**3 - 3*o**2 - o + 3. What is q(d)?
23
Let m(r) be the third derivative of r**6/360 + r**5/30 - 5*r**3/2 - 11*r**2. Let s(c) be the first derivative of m(c). Determine s(-3).
-3
Let c(z) = -z**3 + 33*z**2 - 139*z - 24. Let l be c(28). Let g(p) = 4*p - 12. Calculate g(l).
4
Let y(b) be the first derivative of b**4/4 + 5*b**3/3 + 4*b + 114. Give y(-6).
-32
Let a(p) be the second derivative of p**3/6 - p**2/2 + 20*p. Let j(k) = 5*k - 4. Let y(n) = -4*a(n) + j(n). Give y(0).
0
Let m(u) = -6*u + 112. Let z be m(17). Let o(j) = -3*j - 3. Give o(z).
-33
Let y(l) = l**3 - 8*l**2 - 14*l - 2. Let g be y(10). Let w(u) = u - 56 + u**2 + u + g + u**2. What is w(-2)?
6
Let i(k) = -8*k + k**2 + 3 - 4 - 1 + 5. Let a be i(0). Let p(w) = -w**3 + 4*w**2 - 2*w. What is p(a)?
3
Let n be (-1 + (-2)/(-4))/((-32)/(-768)). Let l(x) = x**3 + 12*x**2 + 1. What is l(n)?
1
Let t be (11/(297/(-18)))/((-1)/(-12)). Let m(r) = r**3 + 8*r**2 + 3. Give m(t).
3
Let f(l) = -l - 5*l - 2 - l + l - 7*l. Give f(2).
-28
Let q(a) = -291*a**3 + 142*a**3 - 8*a + 148*a**3 + 2 + 15*a**2 - 7*a**2. Let i